c) = -4*l(c) - 5*z(c). What is the units digit of i(a)?
9
Suppose -5*a = -3*m - 80, -33 = -2*a + 4*m + 13. Suppose y + 3*r - 2*r - 22 = 0, 4*r = -y + a. What is the tens digit of y?
2
Suppose -1919*o = -1932*o + 4056. What is the units digit of o?
2
Suppose -3*i - 100 = 2*i. Let h be (-24)/i*(-15)/(-6). Suppose -2*g + 4*b = -b - 4, 3*g - 6 = -h*b. What is the units digit of g?
2
Let q(x) = 3*x - 15. Let y be q(6). Suppose d - 2*o - 75 = y*o, 4*d = -o + 300. What is the units digit of d?
5
Let u = -11 + 16. Let m be ((-17)/4)/(u/(-40)). Suppose -5*c + m = -101. What is the tens digit of c?
2
Let m be 2 + 0 + 7 + -6. Suppose p - 121 = -m*p + o, 2*p - 56 = -4*o. What is the units digit of p?
0
Let u(s) = s**3 - 13*s**2. Suppose -5*p - 16 = -81. Let c be u(p). What is the units digit of 0 + 21 + c/1?
1
Let s(p) be the second derivative of p**4/4 + 8*p**3/3 - 4*p**2 + 5*p. What is the hundreds digit of s(-12)?
2
Let j = -415 - -1066. What is the hundreds digit of j?
6
Let p(l) = -48*l - 14. What is the units digit of p(-23)?
0
Let l = -266 + 1296. What is the tens digit of l?
3
Let j(v) = v**3 + 8*v**2 + 10. Let x be j(-8). Suppose 5*w - 9*w = 36. Let p = w + x. What is the units digit of p?
1
Let v = 1534 + 2505. What is the units digit of v?
9
Let x(i) = i**2 + 3. Let j be x(3). Suppose -14*t = -j*t - 8. Suppose t*l = -2*g + 112, -57 = -g + 4*l - 7*l. What is the units digit of g?
4
Let v(m) = 26*m**2 - 3*m + 10. Suppose -h + 2*o - 5*o - 1 = 0, 5*h - 5*o = 15. What is the hundreds digit of v(h)?
1
Suppose 25 = -5*z, 0*b = 4*b - z - 97. Suppose 7 = 2*x - b. What is the units digit of x?
5
Suppose 11*y + 40 + 15 = 0. What is the units digit of 1/y - 1164/(-20)?
8
Let a be (-4)/10*(-10)/15*-15. Let m(g) = -4*g. Let k(i) = -4*i - 1. Let s(p) = -4*k(p) + 5*m(p). What is the units digit of s(a)?
0
Let u = 20 + -18. Suppose 2 - 3 = -4*i - g, -2*i + u*g = 12. What is the units digit of 20/15*(31 + i)?
0
Let v = 920 + -574. What is the hundreds digit of v?
3
Let q = 321 + -96. What is the units digit of q?
5
Let t(y) = 329*y - 11. What is the tens digit of t(2)?
4
Let j(p) = p**2 - 6*p + 6. Let m be j(6). What is the units digit of 4/m - (-35)/15?
3
Let a be -1*((-8)/2 - -3). Let r(v) = 10*v - 2 - 2 + a + 4*v. What is the units digit of r(4)?
3
Let x(v) = 16*v**2 - 15*v - 38. What is the hundreds digit of x(-3)?
1
Let c = -158 + 285. Let z = c + -23. What is the units digit of z?
4
Suppose 5*l - 10555 = -5*f, -4*f - 4500 = -2*l - 254. What is the tens digit of l?
1
Suppose -10*j + 6*j = 16, 0 = -4*c - j + 15916. What is the thousands digit of c?
3
Let m(n) = -n**3 - 7*n**2 - 6*n - 2. Let j be m(-6). What is the tens digit of (-2)/((-3)/108 + j + 2)?
7
Let h(r) = 4*r**3 - 22*r**2 - 28*r + 4. What is the thousands digit of h(14)?
6
Let g be ((-6)/9)/((-6)/(-9)) + -10. What is the tens digit of (-845)/g + (-12)/(-66)?
7
Let z be (-21)/(-7) + 4*1. Let o(y) = -y**3 + 7*y**2 + y - 5. Let b be o(z). What is the tens digit of 2000/90 - b/9?
2
Suppose 5*w - 150 = -0*w. Suppose -306 = -4*d + w. What is the tens digit of d?
8
Let j(v) = v**2 + 24. Let f(b) = -b**2 - 6*b - 5. Let z be f(-5). Suppose -4*q + 18 = 5*p + 2, z = 2*p - q + 4. What is the units digit of j(p)?
4
Suppose -2*y - 400 = -4*y. Let x be (-2)/7 - y/(-14). What is the units digit of ((-9)/(-6))/(1/x)?
1
Suppose 53*t - 181949 = -0*t. What is the units digit of t?
3
Let c be 18/4*(-8)/6*2. What is the tens digit of (-4)/(-16) - 501/c?
4
Suppose -275*v + 259*v + 32304 = 0. What is the hundreds digit of v?
0
Let y(n) = -n**3 + 26*n**2 - 30*n + 58. What is the hundreds digit of y(24)?
4
Let q(p) = 2*p - 1. Let r(v) = 61*v - 38. Let k(s) = 4*q(s) + r(s). What is the tens digit of k(4)?
3
Let s(t) = -t**3 + 14*t**2 + t + 1. Let r be s(14). What is the tens digit of 199 + -2 + 30/r?
9
Let p = 11 + -21. Let b be 6/p + 6220/(-50). What is the units digit of b/(-10) - 1/2?
2
Let k(d) = d**2 - 10*d + 6. Let a be k(12). Let g = a - -56. What is the units digit of g?
6
Let d = 4695 - 2129. What is the units digit of d?
6
Suppose -35*j - 4 = -33*j. What is the tens digit of j/(-9) + (-4)/18 + 108?
0
Let d(t) = -t**3 + 16*t**2 - 19*t + 12. Let q = -41 - -55. What is the hundreds digit of d(q)?
1
What is the hundreds digit of 8/(-6) - (-89528)/114?
7
Let q(v) = -3*v**2 - 13*v - 2. Let u(b) = -b**2. Let l(n) = -q(n) + 2*u(n). Let x be l(-13). What is the units digit of 51/x + 48/32?
7
Suppose 61*u = 58*u - 780. Let o = u - -440. What is the tens digit of o?
8
Let y(t) = -t + 7. Let n be y(5). Suppose -n*h = 3*h + 3*b - 4, -b - 6 = -2*h. Suppose -5*q + 132 = -h*q. What is the tens digit of q?
4
Let t = -7 - -13. Suppose p - 1 = 2*j, j = 4*p - 2*p - 5. Suppose -51 = p*k - t*k. What is the tens digit of k?
1
Let q = 14 + 8. Let u = 124 - q. Suppose y = -y + u. What is the tens digit of y?
5
Let u = 11 - -18. Let b = u - 20. What is the units digit of b?
9
Let a(y) = 346*y**2 - 18*y + 35. What is the units digit of a(2)?
3
Let l(z) = z**3 - 6*z**2 + 2. Let t be l(6). Let x be 30 + ((-3)/2)/(5/(-10)). Suppose -t*q - q + x = 0. What is the tens digit of q?
1
Let n be 21/(-2)*(180/(-7))/3. Suppose -2*x - 3*i + 189 = -4*i, 0 = -x - i + n. What is the tens digit of x?
9
Let v = 73 + -73. Suppose -2*c - 2*c + 452 = v. What is the units digit of c?
3
Let z = -15 - -12. Let v(t) = -3*t - 6. What is the units digit of v(z)?
3
Let d(s) = -9*s**2 + s + 3. Let g be d(6). What is the units digit of 2/(-4) + g/(-6)?
2
Suppose 202*c + 2254 = 209*c. What is the hundreds digit of c?
3
Let d(l) = -2*l**3 + 89*l**2 - 31*l + 79. What is the tens digit of d(44)?
5
Let p(v) be the second derivative of -4*v**3/3 + 28*v**2 + 21*v. What is the units digit of p(-10)?
6
Let p(b) = 199*b**3 + 2*b**2. Let a(o) = -100*o**3 - o**2. Let y(u) = 5*a(u) + 3*p(u). What is the units digit of y(1)?
8
Let q be (-3)/2 + 70/(-28). What is the hundreds digit of -5 - 219/(-5 - q)?
2
What is the units digit of (-2 + -2 - -1154) + (6 - 5)?
1
Let f = 148 - 232. Let o be 11/5 - f/105. Suppose 0 = 2*i + o*i - 270. What is the units digit of i?
4
Let n be 114 + 0*2/4. Suppose 3*q - 54 = -2*b + 5*b, q + n = -5*b. Let c = b + 36. What is the units digit of c?
4
Suppose 3*j + 7368 = 11*j. What is the tens digit of j?
2
Let o = -5 + 396. What is the tens digit of o?
9
Suppose 18 = 3*s + 3*j, 3*s + 3 = 10*j - 6*j. Suppose s*v - v = 148. What is the units digit of v?
4
Let r = 16 + -50. Let j = r + 65. What is the tens digit of j?
3
Let z(a) be the third derivative of a**6/120 + a**5/6 + a**4/4 + 11*a**3/6 + 5*a**2. What is the units digit of z(-9)?
8
Let b(o) = 47*o - 1. Let i(l) = -l**3 - l**2 - 2*l - 1. Suppose x + 4*r = -17, -x + 3*r - 1 + 12 = 0. Let q be i(x). What is the units digit of b(q)?
6
Let x(z) = z**3 + 17*z**2 + 6*z + 41. What is the units digit of x(-14)?
5
What is the tens digit of (-15)/((-900)/8) + (-11368)/(-15)?
5
Suppose 2*a = 3*a. Suppose -2*l + 6 + 26 = a. What is the tens digit of l?
1
Suppose 4*h - 18 = 10*h. What is the hundreds digit of 218 + 0 - h/(-9)*3?
2
Suppose -5*j - 2*n = 34, -5*j = n + 35 + 2. Let l(a) = -a**2 - 14*a + 7. What is the units digit of l(j)?
5
Let i(x) = 197*x + 84. What is the tens digit of i(4)?
7
Let a(c) = -2*c**2 + 3*c + 3. Let d be a(5). What is the units digit of (-304)/d - 6/4?
8
Let c be (3 - (-2 - -7)) + 2. Suppose -n + c*n + 5*a + 86 = 0, -4*a = 2*n - 158. What is the tens digit of n?
8
Let d be ((-8)/16)/((-1)/266). Suppose -2*t + 3*y + y + 118 = 0, -2*t = y - d. Let b = -36 + t. What is the units digit of b?
9
Let t(l) = -l**3 - 2*l**2 - 13*l - 5. Let k be t(-6). What is the units digit of (24/15)/(-1 + k/215)?
2
Let g(v) = 18*v + 390. What is the units digit of g(-5)?
0
What is the tens digit of 5607/27*(-12)/(-4)?
2
Let r be -5 - (-9)/(-3)*1. Let o(c) = 2*c**2 + 12*c + 9. What is the tens digit of o(r)?
4
Suppose 5*y - 179 - 311 = 0. Suppose 0 = -7*j + 8*j - y. Let r = j - 63. What is the units digit of r?
5
Let s(g) = -g**3 + 9*g**2 - g + 13. Let x be s(8). What is the units digit of (-16)/(-12)*x/4?
3
Let m be 12/16*(-24)/(-9). Suppose -m*l + 49 = -9. What is the units digit of l + 6/(-1 - 1)?
6
What is the thousands digit of (-48)/88 + 86128/77?
1
Let u be (-4)/(-14) + (-172)/14. Let g be (-15)/(u/(-4) 